List the prime factors of 22671.
3, 11, 229
List the prime factors of 1790.
2, 5, 179
List the prime factors of 4849.
13, 373
List the prime factors of 80808.
2, 3, 7, 13, 37
What are the prime factors of 63355?
5, 12671
List the prime factors of 27908.
2, 6977
What are the prime factors of 1080?
2, 3, 5
What are the prime factors of 94788?
2, 3, 2633
What are the prime factors of 2254?
2, 7, 23
List the prime factors of 35591.
35591
What are the prime factors of 2232?
2, 3, 31
List the prime factors of 12305.
5, 23, 107
List the prime factors of 204.
2, 3, 17
List the prime factors of 1648.
2, 103
List the prime factors of 2316.
2, 3, 193
What are the prime factors of 9075?
3, 5, 11
List the prime factors of 151350.
2, 3, 5, 1009
What are the prime factors of 63?
3, 7
List the prime factors of 4858.
2, 7, 347
List the prime factors of 11415.
3, 5, 761
What are the prime factors of 12014?
2, 6007
What are the prime factors of 1182?
2, 3, 197
What are the prime factors of 100174?
2, 50087
List the prime factors of 21679.
7, 19, 163
What are the prime factors of 568?
2, 71
List the prime factors of 1668.
2, 3, 139
What are the prime factors of 1516?
2, 379
What are the prime factors of 378?
2, 3, 7
What are the prime factors of 35558?
2, 23, 773
What are the prime factors of 2362?
2, 1181
List the prime factors of 68717.
11, 6247
What are the prime factors of 6362?
2, 3181
List the prime factors of 13278.
2, 3, 2213
What are the prime factors of 42?
2, 3, 7
What are the prime factors of 5906?
2, 2953
What are the prime factors of 37966?
2, 41, 463
What are the prime factors of 10250?
2, 5, 41
List the prime factors of 3632.
2, 227
What are the prime factors of 6745?
5, 19, 71
What are the prime factors of 17959?
17959
List the prime factors of 12754.
2, 7, 911
List the prime factors of 13547.
19, 23, 31
What are the prime factors of 1355?
5, 271
List the prime factors of 9406.
2, 4703
List the prime factors of 68783.
11, 13, 37
List the prime factors of 8234.
2, 23, 179
List the prime factors of 5201.
7, 743
What are the prime factors of 22426?
2, 11213
List the prime factors of 15231.
3, 5077
List the prime factors of 6727.
7, 31
What are the prime factors of 8771?
7, 179
List the prime factors of 4444.
2, 11, 101
List the prime factors of 16523.
13, 31, 41
List the prime factors of 45156.
2, 3, 53, 71
What are the prime factors of 293?
293
What are the prime factors of 16785?
3, 5, 373
List the prime factors of 916.
2, 229
What are the prime factors of 117440?
2, 5, 367
List the prime factors of 1686.
2, 3, 281
List the prime factors of 384.
2, 3
What are the prime factors of 13191?
3, 4397
List the prime factors of 1701.
3, 7
What are the prime factors of 1386?
2, 3, 7, 11
List the prime factors of 103846.
2, 137, 379
List the prime factors of 2923.
37, 79
What are the prime factors of 5685?
3, 5, 379
What are the prime factors of 23166?
2, 3, 11, 13
List the prime factors of 125.
5
List the prime factors of 8857.
17, 521
List the prime factors of 28787.
11, 2617
What are the prime factors of 24447?
3, 29, 281
What are the prime factors of 10898?
2, 5449
What are the prime factors of 89495?
5, 7, 2557
What are the prime factors of 120?
2, 3, 5
List the prime factors of 25019.
127, 197
List the prime factors of 5483.
5483
What are the prime factors of 33?
3, 11
What are the prime factors of 7459?
7459
What are the prime factors of 2736?
2, 3, 19
What are the prime factors of 59614?
2, 41, 727
List the prime factors of 18219.
3, 6073
What are the prime factors of 3865?
5, 773
List the prime factors of 1826.
2, 11, 83
List the prime factors of 2459.
2459
List the prime factors of 2270.
2, 5, 227
What are the prime factors of 56970?
2, 3, 5, 211
List the prime factors of 30775.
5, 1231
List the prime factors of 35146.
2, 17573
What are the prime factors of 2198?
2, 7, 157
List the prime factors of 755.
5, 151
List the prime factors of 163083.
3, 54361
List the prime factors of 15127.
7, 2161
List the prime factors of 97891.
53, 1847
What are the prime factors of 1335?
3, 5, 89
List the prime factors of 1200.
2, 3, 5
List the prime factors of 183.
3, 61
What are the prime factors of 121980?
2, 3, 5, 19, 107
List the prime factors of 42454.
2, 21227
What are the prime factors of 1229?
1229
What are the prime factors of 1542?
2, 3, 257
What are the prime factors of 10840?
2, 5, 271
What are the prime factors of 52036?
2, 13009
List the prime factors of 1055.
5, 211
What are the prime factors of 400?
2, 5
List the prime factors of 9299.
17, 547
What are the prime factors of 6102?
2, 3, 113
What are the prime factors of 6786?
2, 3, 13, 29
List the prime factors of 1238.
2, 619
What are the prime factors of 39357?
3, 4373
List the prime factors of 13223.
7, 1889
What are the prime factors of 11521?
41, 281
What are the prime factors of 60897?
3, 53, 383
What are the prime factors of 1208?
2, 151
List the prime factors of 1295.
5, 7, 37
List the prime factors of 3133.
13, 241
What are the prime factors of 1525?
5, 61
What are the prime factors of 17431?
17431
What are the prime factors of 6554?
2, 29, 113
What are the prime factors of 832?
2, 13
What are the prime factors of 4801?
4801
What are the prime factors of 20506?
2, 10253
What are the prime factors of 64578?
2, 3, 47, 229
List the prime factors of 55016.
2, 13, 23
List the prime factors of 10357.
10357
What are the prime factors of 130?
2, 5, 13
List the prime factors of 1536.
2, 3
List the prime factors of 870.
2, 3, 5, 29
What are the prime factors of 691?
691
List the prime factors of 86517.
3, 9613
List the prime factors of 27496.
2, 7, 491
List the prime factors of 29086.
2, 14543
List the prime factors of 23580.
2, 3, 5, 131
List the prime factors of 13668.
2, 3, 17, 67
List the prime factors of 1043.
7, 149
List the prime factors of 113642.
2, 56821
List the prime factors of 6446.
2, 11, 293
What are the prime factors of 6092?
2, 1523
List the prime factors of 2285.
5, 457
List the prime factors of 25027.
29, 863
What are the prime factors of 9308?
2, 13, 179
What are the prime factors of 31624?
2, 59, 67
List the prime factors of 2759.
31, 89
List the prime factors of 4356.
2, 3, 11
List the prime factors of 87336.
2, 3, 1213
What are the prime factors of 6631?
19, 349
What are the prime factors of 2896?
2, 181
What are the prime factors of 4140?
2, 3, 5, 23
List the prime factors of 53395.
5, 59, 181
List the prime factors of 3759.
3, 7, 179
What are the prime factors of 21269?
21269
List the prime factors of 561.
3, 11, 17
List the prime factors of 16424.
2, 2053
List the prime factors of 536.
2, 67
What are the prime factors of 126?
2, 3, 7
What are the prime factors of 1163?
1163
What are the prime factors of 3161?
29, 109
List the prime factors of 744.
2, 3, 31
List the prime factors of 9086.
2, 7, 11, 59
What are the prime factors of 155247?
3, 51749
List the prime factors of 68719.
7, 9817
What are the prime factors of 65401?
7, 9343
List the prime factors of 35152.
2, 13
List the prime factors of 2102.
2, 1051
What are the prime factors of 12804?
2, 3, 11, 97
What are the prime factors of 138715?
5, 27743
What are the prime factors of 5009?
5009
List the prime factors of 50994.
2, 3, 2833
List the prime factors of 47549.
17, 2797
List the prime factors of 1657.
1657
List the prime factors of 49878.
2, 3, 17, 163
What are the prime factors of 23090?
2, 5, 2309
What are the prime factors of 94993?
94993
What are the prime factors of 241?
241
What are the prime factors of 87605?
5, 7, 2503
What are the prime factors of 38837?
71, 547
List the prime factors of 609.
3, 7, 29
What are the prime factors of 9943?
61, 163
What are the prime factors of 354?
2, 3, 59
List the prime factors of 41.
41
List the prime factors of 45.
3, 5
List the prime factors of 6656.
2, 13
What are the prime factors of 7193?
7193
What are the prime factors of 131?
131
What are the prime factors of 3482?
2, 1741
What are the prime factors of 1962?
2, 3, 109
List the prime factors of 9063.
3, 19, 53
What are the prime factors of 48082?
2, 29, 829
List the prime factors of 1527.
3, 509
What are the prime factors of 828?
2, 3, 23
What are the prime factors of 1694?
2, 7, 11
What are the prime factors of 282